n r(-25) is divided by 53?
45
Let l = -6 + -9. Let h = l + 17. Let b(m) = m**2 - 2*m + 6. What is the remainder when 29 is divided by b(h)?
5
Suppose -68*r + 46*r = -1403 - 577. Calculate the remainder when 19077 is divided by r.
87
Let r(a) = -728*a - 3634. Let f(i) = i**3 - 7*i**2 - 4*i + 3. Calculate the remainder when f(8) is divided by r(-5).
5
What is the remainder when 13208/130 + (-6)/(-15) is divided by 17?
0
Let d = 206 + -183. Suppose 3*f - 130 - 114 = 2*z, 3*z + 6 = 0. What is the remainder when f is divided by d?
11
Suppose -27*k = -30*k + 3*a + 696, -2*a = -k + 235. What is the remainder when k is divided by 31?
12
Let r = 1576 - 1520. Calculate the remainder when 205 is divided by r.
37
What is the remainder when 229 is divided by (5*(-12)/120)/((-4)/352)?
9
Suppose 3*b - 3*j = 27, -12 = 2*b - 5*j - 18. Calculate the remainder when 127 is divided by b.
10
Suppose 2*d + 3*y - 109 = 0, 11*d - 7*d = -2*y + 198. What is the remainder when 1025 is divided by d?
38
Let d(r) = 8*r**2 + 333*r + 1616. Calculate the remainder when 454 is divided by d(-5).
1
Calculate the remainder when 511 is divided by 4/(8700/1236 + -7).
99
Let i = -16 - -23. Suppose -4*z - 29 = -4*l + i, 72 = 4*l + 5*z. Calculate the remainder when 101 is divided by l.
10
Let g(o) = 5*o**2 + o - 3. Let c(p) = -155*p**2 + 10235*p + 332. Calculate the remainder when c(66) is divided by g(-3).
38
Let w(n) = -2*n**3 + 7*n**2 + 12*n - 10. Calculate the remainder when (-7 - 21)*(1 + -2) is divided by w(-2).
8
Let b(t) = 3*t**2 - 67*t + 25. Suppose 4*y - 31 = 61. Calculate the remainder when 136 is divided by b(y).
65
Suppose 10*d - 177 = 146 - 23. Calculate the remainder when 87 is divided by d.
27
Let p = -2540 + 2555. What is the remainder when 40 is divided by p?
10
Let g = 266 + -147. Let i = -45 + g. Calculate the remainder when i is divided by 25.
24
Suppose -26*n + 219 = -223. Suppose v - 3*z - 103 = -2*z, -4*v = 5*z - 394. What is the remainder when v is divided by n?
16
Calculate the remainder when 1019 is divided by ((-48)/24)/((-1)/34).
67
Suppose 30 = -5*l + 45. Suppose -4*f = -l*c + 72, c - f - 29 + 6 = 0. Suppose 12*y - 95 = 85. What is the remainder when c is divided by y?
5
Let g = 7634 + -7581. What is the remainder when 1550 is divided by g?
13
Suppose -106*f + 124*f - 13392 = 0. Let l = f + -713. What is the remainder when l is divided by 3?
1
Calculate the remainder when 236 is divided by 9/(495/22)*580.
4
Let f be 1*(-2 + 5 - 1). Suppose 0 = -5*i + 2*o + 32, f*o - 7 = -2*i - 3*o. Let n(v) = 2*v + 1. What is the remainder when 25 is divided by n(i)?
12
Let c be 10/(-4)*1/((-20)/2064). Let o = c - 96. What is the remainder when o is divided by 33?
30
Let v be 2*2 - (-191 - -3). Suppose 5*a + v = 497. Let l = -46 + a. Calculate the remainder when 72 is divided by l.
12
Let v = -228 + 228. Suppose 12*h + v*h = 72. What is the remainder when h is divided by 1?
0
Calculate the remainder when -249*(-4)/10*(-1170)/(-351) is divided by 31.
22
Let q(c) = 8*c - 14*c - 22*c - 77 - 14*c. Calculate the remainder when q(-3) is divided by 3.
1
Let i be 20/(-6)*(4 + 55/(-10)). Suppose 0*b = -i*x + 4*b + 380, -4*b = 5*x - 340. What is the remainder when x is divided by 23?
3
Suppose 0 = 2*s - 5*k + 2, 3*s - 85 + 25 = -3*k. What is the remainder when 1034 is divided by s?
12
Let g = 42323 - 40881. What is the remainder when 2899 is divided by g?
15
Calculate the remainder when 551 is divided by ((-1)/(-3))/(9070/(-648) - -14).
11
Let g(h) = -h**3 - 17*h**2 + 8*h - 26. Let m be g(-16). Let t = -394 - m. Calculate the remainder when 38 is divided by t.
6
Suppose 66234 = -8*l - 11*l. Calculate the remainder when 4/6 + l/(-63) is divided by 14.
0
Suppose 110 = 3*m - 82. Suppose 4*l - 34 + 391 = 3*v, -v - l = -119. Calculate the remainder when v is divided by m.
55
Let g be 16/(-56) + (-32)/(-14). Suppose 0 = -20*c + g*c + 648. Calculate the remainder when 213 is divided by c.
33
Suppose 0 = -288*j - 289*j + 576*j + 56. Calculate the remainder when 193 is divided by j.
25
Let v(u) = -31*u - 63. Let w be v(-4). Suppose -20 = o - w. Calculate the remainder when 77 is divided by o.
36
What is the remainder when -78*(-19)/(-57)*(-19)/2 is divided by 146?
101
Let q(u) = -u**2 + 7*u - 7. Let o be q(2). What is the remainder when (-8 - -9) + (142 - o) is divided by 11?
8
Let v(r) = r**2 - 10*r + 5. Let d be v(9). Calculate the remainder when ((2 - -111)*-1)/(d/4) is divided by 59.
54
Let a = -284 - -284. Suppose -4*t + 104 + 248 = a. Calculate the remainder when t is divided by 10.
8
Suppose 2*q = -2*d - 152 + 1404, -4*q + 2497 = -3*d. Calculate the remainder when q is divided by 90.
85
Let c(s) = s**3 - 8*s**2 - 8*s + 7. Let h be c(9). What is the remainder when (h/10)/((-2)/(-25)) is divided by -5 - (-759)/165 - (-124)/10?
8
Suppose 0 = -2*u + 5*g + 358, 371*g = -2*u + 363*g + 384. Calculate the remainder when 624 is divided by u.
72
Let c(p) = -3*p**2 - 89*p - 551. Calculate the remainder when 200 is divided by c(-18).
42
Let a(k) = -7*k - 4. Let l(o) = -13*o - 10. Let i be l(-6). Suppose -4*h - 4*j = -i, -2*j - 6 = -0*j. What is the remainder when a(-6) is divided by h?
18
Suppose f - 18 = 14. What is the remainder when (-2)/48*-2319 - (-21)/56 is divided by f?
1
Let w(r) = 3*r - 4. Let l be w(0). What is the remainder when l/(-18) - 7/((-126)/1202) is divided by 4?
3
Let x(z) = -z**2 + 3*z - 3. Let j be x(2). What is the remainder when j/(0 - 2/52) is divided by 27*((-52)/12)/(-13)?
8
Suppose 16*a - 42*a = -35178. Calculate the remainder when a is divided by 2.
1
Let b(w) = -w**3 + 12*w**2 - 21*w - 7. Suppose 2*o - 38 = -4. What is the remainder when b(6) is divided by o?
15
Suppose 25*l - 2774 = -24*l - 24*l. Calculate the remainder when 1972 is divided by l.
34
Let d(z) = -316 - 7*z**2 - 10*z + z**3 - 5*z**2 + 303. Let i be d(13). Suppose i*o + 148 = 30*o. Calculate the remainder when 109 is divided by o.
35
Suppose -2*p - 3*p - 40 = -g, 6 = -3*p - 3*g. Calculate the remainder when (1 - -61)*(4 + -9 - -6) is divided by 14/p + (2 - -9).
8
Let i(n) = -n**3 - 2*n**2 + 7*n + 32. Calculate the remainder when 1418 is divided by i(-3).
18
Suppose 240 = 15*s + 9*s. Let h(l) = 3*l**2 - l + 1. Let i be h(-3). Let g = -14 + i. Calculate the remainder when g is divided by s.
7
Let m = -1627 + 1645. What is the remainder when 82 is divided by m?
10
Let x = 98 + 17. Let b = -10541 - -10621. Let h = x - b. Calculate the remainder when 172 is divided by h.
32
Let d(y) be the second derivative of 5*y**3/6 - 3*y**2 + 2*y. Suppose -4*p - 7244 = -7264. Calculate the remainder when d(4) is divided by p.
4
Suppose 7360 = -207*r + 299*r. What is the remainder when 378 is divided by r?
58
Let c = -19364 - -19511. What is the remainder when c is divided by 2 - 1 - (-4 - 36)?
24
Suppose 868*s - 910*s = -38472. What is the remainder when s is divided by 20?
16
Let c(k) = k**3 - 10*k**2 + 30*k + 10. Let w be c(9). Let u = 333 - w. Let x = -131 + u. What is the remainder when 6 is divided by x?
0
Let a(c) = 3*c**2 + 6*c + 68. Let f be a(-6). Let y = 200 - f. What is the remainder when 238 is divided by y?
58
Let f = -104 - -167. Let g = 91 - f. Suppose 5*y = 8 + 67. Calculate the remainder when g is divided by y.
13
Let z = -1116 + 1112. Suppose 2*m = 0, 3*c - 6 = -0*c + 2*m. What is the remainder when -5*c/(-40) - 291/z is divided by 25?
23
Let r(w) = -32*w**3 + 154*w**2 + 43*w + 11. What is the remainder when r(5) is divided by 22?
10
Suppose 19*x + 131 = i + 14*x, -2*i + 3*x = -234. What is the remainder when i is divided by 34?
9
Suppose 73 = -56*c + 55*c. Let v = c + 148. Calculate the remainder when v is divided by 33/2*(-2)/(-3).
9
Let g(y) = 53*y**2 + 161*y - 162. Calculate the remainder when 116 is divided by g(1).
12
Suppose 0 = -5*y - 3*x + 842, 5*x = 4*y - y - 546. What is the remainder when y is divided by 22?
18
Suppose -o = -2*o + 38. Let f = 131 - 97. Suppose 3*c - 26 - f = 0. Calculate the remainder when o is divided by c.
18
Suppose 2*i - 2*r = 128, i - 52 = -13*r + 11*r. What is the remainder when 712 is divided by i?
52
Suppose -4*l = 2*q - 6*l - 22, q + l = 9. Suppose q*o = 5*o + 2385. Suppose -5*a + 8*a = o. What is the remainder when a is divided by 27?
24
Let y be (-3)/1*(-2 - 